der when 539 is divided by 12?
11
What is the remainder when 4094 is divided by 8?
6
What is the remainder when 4697 is divided by 66?
11
Calculate the remainder when 3613 is divided by 13.
12
What is the remainder when 577 is divided by 128?
65
What is the remainder when 234 is divided by 27?
18
Calculate the remainder when 102 is divided by 48.
6
What is the remainder when 320 is divided by 313?
7
Calculate the remainder when 371 is divided by 126.
119
What is the remainder when 873 is divided by 33?
15
What is the remainder when 119 is divided by 25?
19
What is the remainder when 1373 is divided by 11?
9
Calculate the remainder when 3811 is divided by 544.
3
What is the remainder when 97 is divided by 20?
17
What is the remainder when 57 is divided by 22?
13
Calculate the remainder when 5692 is divided by 1897.
1
What is the remainder when 236 is divided by 11?
5
What is the remainder when 6463 is divided by 21?
16
What is the remainder when 39 is divided by 9?
3
Calculate the remainder when 206 is divided by 39.
11
What is the remainder when 238 is divided by 182?
56
What is the remainder when 5 is divided by 2?
1
What is the remainder when 53972 is divided by 26?
22
What is the remainder when 32348 is divided by 10?
8
What is the remainder when 359 is divided by 60?
59
Calculate the remainder when 4529 is divided by 19.
7
Calculate the remainder when 8802 is divided by 119.
115
What is the remainder when 2438 is divided by 50?
38
What is the remainder when 455 is divided by 71?
29
What is the remainder when 24093 is divided by 48?
45
What is the remainder when 90 is divided by 23?
21
Calculate the remainder when 89 is divided by 21.
5
What is the remainder when 2392 is divided by 18?
16
What is the remainder when 347 is divided by 87?
86
What is the remainder when 540 is divided by 110?
100
Calculate the remainder when 740 is divided by 241.
17
Calculate the remainder when 2362 is divided by 5.
2
What is the remainder when 811 is divided by 204?
199
Calculate the remainder when 102 is divided by 7.
4
What is the remainder when 326 is divided by 41?
39
What is the remainder when 97 is divided by 33?
31
What is the remainder when 160 is divided by 72?
16
What is the remainder when 83 is divided by 55?
28
What is the remainder when 131 is divided by 12?
11
Calculate the remainder when 831 is divided by 5.
1
What is the remainder when 276 is divided by 31?
28
What is the remainder when 58 is divided by 23?
12
What is the remainder when 946 is divided by 159?
151
What is the remainder when 358 is divided by 60?
58
What is the remainder when 58 is divided by 6?
4
What is the remainder when 44 is divided by 22?
0
Calculate the remainder when 15134 is divided by 8.
6
Calculate the remainder when 1789 is divided by 355.
14
Calculate the remainder when 103 is divided by 28.
19
What is the remainder when 525 is divided by 38?
31
What is the remainder when 85 is divided by 15?
10
What is the remainder when 159 is divided by 35?
19
What is the remainder when 12382 is divided by 16?
14
Calculate the remainder when 677 is divided by 219.
20
Calculate the remainder when 2730 is divided by 114.
108
Calculate the remainder when 87893 is divided by 57.
56
What is the remainder when 10957 is divided by 4?
1
Calculate the remainder when 82 is divided by 3.
1
Calculate the remainder when 219 is divided by 45.
39
What is the remainder when 274 is divided by 81?
31
Calculate the remainder when 372 is divided by 187.
185
Calculate the remainder when 237 is divided by 8.
5
Calculate the remainder when 195 is divided by 49.
48
Calculate the remainder when 5318 is divided by 18.
8
Calculate the remainder when 544 is divided by 143.
115
What is the remainder when 306 is divided by 93?
27
Calculate the remainder when 3289 is divided by 811.
45
Calculate the remainder when 2036 is divided by 171.
155
Calculate the remainder when 333 is divided by 84.
81
Calculate the remainder when 1483 is divided by 55.
53
What is the remainder when 22 is divided by 11?
0
Calculate the remainder when 2162 is divided by 6.
2
Calculate the remainder when 37 is divided by 10.
7
What is the remainder when 238 is divided by 24?
22
What is the remainder when 5772 is divided by 105?
102
Calculate the remainder when 2542 is divided by 67.
63
Calculate the remainder when 231 is divided by 112.
7
Calculate the remainder when 14 is divided by 14.
0
Calculate the remainder when 630 is divided by 128.
118
What is the remainder when 124 is divided by 42?
40
Calculate the remainder when 3313 is divided by 26.
11
What is the remainder when 3383 is divided by 9?
8
Calculate the remainder when 1188 is divided by 68.
32
Calculate the remainder when 1581 is divided by 100.
81
Calculate the remainder when 50 is divided by 27.
23
What is the remainder when 310 is divided by 74?
14
Calculate the remainder when 792 is divided by 327.
138
Calculate the remainder when 496 is divided by 267.
229
What is the remainder when 339 is divided by 61?
34
What is the remainder when 324 is divided by 65?
64
What is the remainder when 2846 is divided by 30?
26
What is the remainder when 286 is divided by 118?
50
Calculate the remainder when 689 is divided by 140.
129
What is the remainder when 3887 is divided by 27?
26
What is the remainder when 214 is divided by 102?
10
What is the remainder when 881 is divided by 34?
31
Calculate the remainder when 5659 is divided by 177.
172
Calculate the remainder when 310 is divided by 230.
80
What is the remainder when 203 is divided by 77?
49
Calculate the remainder when 670 is divided by 25.
20
Calculate the remainder when 157 is divided by 51.
4
What is the remainder when 26144 is divided by 9?
8
What is the remainder when 1074 is divided by 108?
102
Calculate the remainder when 62 is divided by 7.
6
Calculate the remainder when 20 is divided by 5.
0
What is the remainder when 478 is divided by 32?
30
What is the remainder when 209 is divided by 103?
3
Calculate the remainder when 136 is divided by 70.
66
Calculate the remainder when 79 is divided by 41.
38
Calculate the remainder when 605 is divided by 262.
81
What is the remainder when 229 is divided by 58?
55
What is the remainder when 395 is divided by 35?
10
Calculate the remainder when 33 is divided by 26.
7
Calculate the remainder when 477 is divided by 30.
27
Calculate the remainder when 470 is divided by 235.
0
Calculate the remainder when 244 is divided by 80.
4
Calculate the remainder when 37 is divided by 32.
5
Calculate the remainder when 996 is divided by 18.
6
Calculate the remainder when 195 is divided by 49.
48
Calculate the remainder when 6641 is divided by 54.
53
What is the remainder when 438 is divided by 56?
46
What is the remainder when 3425 is divided by 86?
71
Calculate the remainder when 169 is divided by 90.
79
Calculate the remainder when 813 is divided by 164.
157
What is the remainder when 2109 is divided by 22?
19
Calculate the remainder when 84 is divided by 29.
26
What is the remainder when 136 is divided by 14?
10
Calculate the remainder when 684 is divided by 61.
13
Calculate the remainder when 1402 is divided by 52.
50
Calculate the remainder when 15007 is divided by 14.
13
Calculate the remainder when 1074 is divided by 1053.
21
Calculate the remainder when 890 is divided by 356.
178
What is the remainder when 59 is divided by 35?
24
Calculate the remainder when 485 is divided by 116.
21
What is the remainder when 3093 is divided by 88?
13
What is the remainder when 9935 is divided by 61?
53
What is the remainder when 50 is divided by 17?
16
What is the remainder when 277 is divided by 78?
43
Calculate the remainder when 333 is divided by 48.
45
Calculate the remainder when 46 is divided by 26.
20
What is the remainder when 241 is divided by 167?
74
What is the remainder when 944 is divided by 22?
20
What is the remainder when 238 is divided by 110?
18
What is the remainder when 509 is divided by 275?
234
What is the remainder when 308 is divided by 10?
8
What is the remainder when 177 is divided by 21?
9
What is the remainder when 155 is divided by 41?
32
What is the remainder when 402 is divided by 172?
58
Calculate the remainder when 8566 is divided by 102.
100
Calculate the remainder 